 is the tens digit of 28*(g + 1)/(-4 + 2)?
6
Let s = 70 + -68. Suppose 5*p - 5*a = 3 + 27, -4*p = -s*a - 34. Suppose p*g = 6*g + 360. What is the tens digit of g?
7
Let j(t) = 10*t**2 - 12*t - 301. What is the units digit of j(-23)?
5
Let g = -22346 - -26509. What is the hundreds digit of g?
1
Let a(f) = 7174*f - 2219. What is the hundreds digit of a(1)?
9
Let r(w) = 2 + 717*w**2 - 481*w**2 - 4 - 4*w + 13. Let d(v) = 471*v**2 - 8*v + 21. Let m(q) = 6*d(q) - 11*r(q). What is the tens digit of m(1)?
3
Let m(o) = o**2 - 219*o + 13609. What is the units digit of m(0)?
9
Suppose -28*k - 5 = -29*k. Suppose -2*i + 758 = 3*h, 5*i - 6*i = -k*h - 353. What is the hundreds digit of i?
3
Suppose -8*r + 7*r = -7. Suppose 4*j = 3*s - 8, 5*s - r - 10 = 3*j. Suppose 14 = -s*y + 366. What is the units digit of y?
8
Let n be -5 + (1/2)/((-14)/(-252)). What is the tens digit of 767/(n + -3) - (-6 + 3)?
7
Suppose -10*r + 3*s = -9*r - 3439, 4*r - 3*s - 13819 = 0. What is the units digit of r?
0
Suppose -5*h = 10*y - 31745, 2*y = -6*h + 10*h - 25356. What is the units digit of h?
1
Suppose 27*g = 36726 + 10458 - 11112. What is the tens digit of g?
3
Suppose 44*r + 71*r - 4601775 + 113785 = 0. What is the hundreds digit of r?
0
Let p(y) = y**2 + y - 10. Let m(t) = t**2 - 3*t + 4. Let x be m(0). Let w be p(x). What is the tens digit of w*(4 + 3) + 3?
7
Let o be (-26)/4*(-84)/7. Suppose -93*c = -o*c - 3900. What is the units digit of c?
0
Let d(l) = -10*l**2 + 7 + 4*l - 18*l**2 + 38*l**2 - 8*l. What is the tens digit of d(4)?
5
Suppose -4*o = -8*o - 38*a + 212428, 4*a = -5*o + 265535. What is the ten thousands digit of o?
5
Let i = 24625 - -3925. What is the units digit of i?
0
Let k(b) = 14*b**2 + 119*b + 22. Let m be k(-10). What is the units digit of m/(-406) + (-9192)/(-14)?
6
What is the hundreds digit of (-10 - (-46)/6)/(98/(-185388))?
4
Let k(j) = 4*j**2 + 67*j + 369. What is the units digit of k(52)?
9
Suppose -5*h + 2 = -3*h. What is the units digit of h/4 - (-64323)/84?
6
Suppose 0*v - 84 = 6*v. Let x be (-10)/(-35) - (-4)/v. Suppose 98 = 2*r - t - 149, 2*r + 4*t - 252 = x. What is the hundreds digit of r?
1
Let g = -48 + 52. Suppose -2*d + 3*d - 2*l - 190 = 0, -g*l + 922 = 5*d. Suppose -11*u + 8*u = -d. What is the units digit of u?
2
Let f = 30809 + -11312. What is the units digit of f?
7
Suppose w = -4*x - 21, 2*w - 2*x - x - 13 = 0. Let i be w - -5 - (2 + -346). Suppose 0*y - i = -3*y. What is the units digit of y?
6
Suppose -23*a + 18293 + 1027 = 0. Let x = 270 + a. What is the hundreds digit of x?
1
Let x(t) = 3*t**2 - 52*t - 5. Let j be 0 + -4 - 1 - (-39 - 1). What is the hundreds digit of x(j)?
8
Suppose -p + 2 = -9. Let o(z) = 4 - p + 6 + 37*z + 28*z. What is the units digit of o(1)?
4
Suppose 3*h = -o + 2 - 0, -3*o = 2*h - 6. Suppose -9*v - 3*s + 1457 = -5*v, -s + 729 = o*v. What is the units digit of v?
5
Suppose 2*i - 3*l - 8 - 2 = 0, 3*i + l - 15 = 0. Suppose 5*r - 195 = -5*w, 262 = i*r + 2*w + 61. What is the units digit of r?
1
Let x(t) = 5*t**3 + 17*t**2 + 19. Let c = -52 + 46. Let k(w) = -4*w**3 - 16*w**2 - w - 19. Let a(v) = c*k(v) - 5*x(v). What is the units digit of a(11)?
5
What is the thousands digit of 50/((-3600)/(-3500766)) + 1/8*2?
8
Let w(z) = -z**3 + 24*z**2 + 43*z + 16. Suppose -25*d + 21*d = -100. What is the hundreds digit of w(d)?
4
Let o = 1965 - 3815. Let h = o + 2647. What is the units digit of h?
7
Suppose -7659 = -5*x - 1949. Suppose 4*b = -d - 2*d + 33, 0 = -3*d - 15. What is the units digit of x/12 + (-2)/b?
5
Let h be 11*(7 - (-8 + 14)). What is the units digit of 14894/h - (-1 - -1)?
4
Suppose 0 = 210*n - 506194 + 24874. What is the tens digit of n?
9
Suppose -z = -0*z - 5. Let d(b) = -2*b + 52. What is the tens digit of d(z)?
4
Suppose -11*s = 21*s. Suppose s = -51*c + 20*c + 39618. What is the units digit of c?
8
Suppose 117*n = 107*n + 17960. Suppose -5304 = -4*l + n. What is the tens digit of l?
7
What is the thousands digit of 7 - (-3)/(8*(-5)/(-81440))?
6
Suppose -2*s - 2*z + 470 + 430 = 0, 5*s = 2*z + 2257. Suppose -s - 3427 = -7*h. What is the units digit of h?
4
Let w = 233 - 210. What is the units digit of (11 - w)/(1 - (-50)/(-44))?
8
Let z be ((-2)/(-6))/(16/18528). Let w = z - 267. Let k = 270 - w. What is the units digit of k?
1
Let p = 668 + -1455. Let r = p + 1249. What is the units digit of r?
2
Let r = -61897 + 89075. What is the ten thousands digit of r?
2
Let v be (-6)/(-10) - (1 - (-1518)/30). Let r = 147 - v. What is the hundreds digit of r?
1
Let q(o) = 1369*o - 392. What is the thousands digit of q(17)?
2
Let s = 276 - 271. What is the units digit of s?
5
Let s(b) = -3*b + 3. Let g be s(3). Let n(u) = 6*u - 45. Let l be n(7). What is the hundreds digit of l*(g/(-15) - 2733/45)?
1
Suppose -111*q = -108*q - 834. Let g = q + -241. What is the units digit of g?
7
Let f(v) = 11386*v**2 - 36*v - 74. What is the thousands digit of f(-2)?
5
Let q = -25997 - -77829. Suppose 15*f = 59*f - q. What is the hundreds digit of f?
1
Let y = -143 + 185. What is the tens digit of y/70 + 1082/5?
1
Suppose 20 = -4*n - n, 79 = -3*q - 4*n. Suppose -8*k + 330 = -2*k. Let z = k - q. What is the tens digit of z?
7
What is the tens digit of (52895/894)/(1/12)?
1
Suppose 4*y + y = 5. Suppose -y = -a - 5*t - 3, 4*a - 16 = 4*t. Suppose 5*q + 95 + 4 = 2*i, -3*i + 126 = -a*q. What is the units digit of i?
7
Suppose -3*b = 3*s - 6, -10 = -s + 4*b + 7. Let q be s - (-67 + 4 - 2). Suppose 0 = -q*i + 66*i + 296. What is the units digit of i?
4
Suppose 13476 = 4*f + 4*g, -41 = -2*g - 35. What is the thousands digit of f?
3
Let z = -15265 - -51843. What is the tens digit of z?
7
Suppose -122*d + 508380 + 4020 = 0. What is the thousands digit of d?
4
What is the tens digit of -25*(15 + 18520/(-50))?
8
Suppose 0 = -9*u - 9*u + 9036. Let n = u - 148. What is the hundreds digit of n?
3
Suppose -3*p + 493*d = 492*d - 97353, -97353 = -3*p - 4*d. What is the ten thousands digit of p?
3
Suppose 4*j + 154 = -2*x, 4*x = -x - 2*j - 369. Let f = x - -121. What is the units digit of (90/4 + -1)/(24/f)?
3
Let x be 6/(-93) - (-366)/(-93). What is the tens digit of (0 - x/22) + (-1464872)/(-1562)?
3
Let x be (-9789)/(-18) + -2 + 4/24. Let v = x - 175. What is the units digit of v?
7
Let r = 89 + -42. Let v = -48 + r. What is the tens digit of 326/(-14)*v - (-12)/(-42)?
2
Suppose 0 = -34*v + 386725 - 93509. What is the tens digit of v?
2
Let z be 0/(4/4) + -2 + 3. Suppose 0 = -6*x + 49 - z. Let y(t) = 35*t - 17. What is the hundreds digit of y(x)?
2
Suppose 0 = -0*a + 3*a - 102. Let y(t) = 3*t**3 + 163*t**2 + 54*t + 89. Let l be y(-54). Let z = l - a. What is the units digit of z?
5
Suppose -3*l - 2*c + 73 = 218, 245 = -5*l - 4*c. Let w = 50 + l. Suppose -2*y - 6*b = -2*b - 10, 0 = w*b. What is the units digit of y?
5
Let d = -125 - -124. What is the thousands digit of 1347 + 9 - (d + 0)?
1
Let n(y) = 829*y - 1165. What is the thousands digit of n(26)?
0
Let w(h) = h + 3. Let m be w(-30). What is the units digit of 6/m - ((-9620)/(-36))/(-1)?
7
Suppose 4*v + 2*w + 264 = -2*w, -5*v - 3*w = 334. Let p = v - -69. What is the hundreds digit of 228 - (p + (0 - 4))?
2
Let h be (1713 - (10 + -2)) + 0. Let a = h + -420. What is the tens digit of a?
8
Let k(g) = 4*g - 6. Let z be k(3). Suppose -1 - z = j. Let y(o) = -o**3 - 7*o**2 - 13*o + 10. What is the units digit of y(j)?
1
Let a(p) = 7*p + 21. Let f be a(-6). Let v be (-32)/14 + (-6)/f. What is the tens digit of (644/21)/(v/(-6))?
9
Let g(t) = -2*t - 2. Suppose 17 - 7 = 5*d. Let s be g(d). What is the units digit of s/(-39) + -3*(-8)/13?
2
Let w(o) = 42*o**3 + 7*o**2 + 29*o - 98. What is the thousands digit of w(6)?
9
Let b(z) = -12*z - 107. Let o = 42 - 78. What is the hundreds digit of b(o)?
3
Let i(w) = w**3 - 6*w**2 + 3*w + 8. Let o be i(6). Let m be (o/(-4))/(15/(-1050)). Suppose -3*l - 170 + m = 0. What is the units digit of l?
5
Let i = 466 - 380. Suppose i*c = 83*c + 1677. What is the hundreds digit of c?
5
Let b = 1432 + -373. Suppose -b = -9*v + 3063. What is the hundreds digit of v?
4
Let y(f) be the first derivative of -f**4/4 + 2*f**3 + 2*f - 1. Let n be y(5). Suppose 5*m - 343 = -2*a, 3*m = -3*a + 231 - n. What is the units digit of m?
9
Let l be (-50)/30*(-144)/5. Suppose 0*x = -3*z